composite?
False
Is 189217 composite?
True
Is 8795 prime?
False
Is 335 a prime number?
False
Is 41423 prime?
False
Is 483139 a prime number?
True
Is 2707 composite?
False
Is 11801 composite?
False
Is 2993 a prime number?
False
Is 77313 a composite number?
True
Is 929 a prime number?
True
Is 376411 prime?
False
Is 3247 a composite number?
True
Is 6449 a composite number?
False
Is 145861 composite?
False
Is 222601 a composite number?
False
Is 63113 prime?
True
Is 6421 a composite number?
False
Is 12301 composite?
False
Is 204101 prime?
True
Is 1294423 prime?
False
Is 16483 a prime number?
False
Is 138235 prime?
False
Is 3331663 a prime number?
False
Is 102967 a prime number?
True
Is 66695 composite?
True
Is 91207 a prime number?
False
Is 539953 a composite number?
True
Is 2182387 a prime number?
True
Is 392201 a composite number?
False
Is 79451 a prime number?
True
Is 31919 prime?
False
Is 289295 prime?
False
Is 6289 prime?
False
Is 6401 prime?
False
Is 8617 a prime number?
False
Is 17623 a prime number?
True
Is 3761 a prime number?
True
Is 14971 composite?
True
Is 1137 composite?
True
Is 24307 a prime number?
False
Is 1399 composite?
False
Is 8153 a composite number?
True
Is 719 composite?
False
Is 9083 composite?
True
Is 18607 a prime number?
False
Is 58931 a prime number?
False
Is 10261 composite?
True
Is 141793 a composite number?
False
Is 11482 composite?
True
Is 195401 a composite number?
False
Is 85193 prime?
True
Is 26083 a composite number?
False
Is 39293 composite?
False
Is 612167 composite?
True
Is 653347 prime?
False
Is 863601 a prime number?
False
Is 8929 a composite number?
False
Is 359903 a composite number?
True
Is 33287 composite?
False
Is 1511 prime?
True
Is 259907 composite?
False
Is 51749 prime?
True
Is 12007 a prime number?
True
Is 209123 prime?
True
Is 3991 composite?
True
Is 12526 prime?
False
Is 631 a prime number?
True
Is 18295 a prime number?
False
Is 9127 a prime number?
True
Is 8947 prime?
False
Is 32919 composite?
True
Is 55 a composite number?
True
Is 1361 prime?
True
Is 3251 a prime number?
True
Is 441491 a prime number?
False
Is 1213 a composite number?
False
Is 192539 a composite number?
False
Is 3371 prime?
True
Is 15802 composite?
True
Is 36629 a composite number?
False
Is 5981 a prime number?
True
Is 7447 a composite number?
True
Is 80309 composite?
False
Is 12037 composite?
False
Is 15943 prime?
False
Is 1843 a composite number?
True
Is 106487 a composite number?
False
Is 117067 composite?
True
Is 71173 prime?
False
Is 10669 a composite number?
True
Is 2707 prime?
True
Is 172751 a composite number?
False
Is 95801 a prime number?
True
Is 3109 composite?
False
Is 461801 composite?
False
Is 8147 a prime number?
True
Is 23467 a composite number?
True
Is 2270933 a prime number?
False
Is 146147 a composite number?
True
Is 39679 composite?
False
Is 279271 prime?
False
Is 6143 prime?
True
Is 701 prime?
True
Is 19949 a prime number?
True
Is 8923 a composite number?
False
Is 532061 a composite number?
False
Is 23447 prime?
True
Is 3047 prime?
False
Is 1531 a prime number?
True
Is 1016693 prime?
False
Is 8849 a prime number?
True
Is 6599 prime?
True
Is 1198517 prime?
False
Is 59141 a prime number?
True
Is 82681 a composite number?
True
Is 7073 a composite number?
True
Is 262927 composite?
True
Is 379973 a prime number?
False
Is 21587 a composite number?
False
Is 613 a composite number?
False
Is 13931 composite?
False
Is 3761 prime?
True
Is 737 prime?
False
Is 37043 composite?
True
Is 27721 prime?
False
Is 51873 a prime number?
False
Is 10594 a composite number?
True
Is 177773 prime?
False
Is 41329 prime?
False
Is 26749 composite?
True
Is 2655691 composite?
False
Is 202231 prime?
True
Is 2333 composite?
False
Is 1167581 a prime number?
True
Is 125365 composite?
True
Is 4358245 prime?
False
Is 4771 a composite number?
True
Is 26333 composite?
True
Is 103 composite?
False
Is 72613 a composite number?
False
Is 87473 composite?
False
Is 39647 composite?
True
Is 88229 prime?
False
Is 749221 composite?
True
Is 2201 a composite number?
True
Is 80621 a composite number?
False
Is 214723 prime?
True
Is 2237 prime?
True
Is 14281 a composite number?
False
Is 77555 a composite number?
True
Is 13165 composite?
True
Is 161795 prime?
False
Is 20609 a composite number?
True
Is 1369 composite?
True
Is 31133 a prime number?
False
Is 7655 a prime number?
False
Is 44483 prime?
True
Is 48457 prime?
False
Is 908023 a composite number?
True
Is 356663 prime?
True
Is 8657 a prime number?
False
Is 128957 a prime number?
False
Is 182851 composite?
False
Is 34042 prime?
False
Is 1422923 a composite number?
False
Is 23431 composite?
False
Is 125323 a composite number?
True
Is 25879 composite?
True
Is 905039 a prime number?
False
Is 93517 a composite number?
True
Is 1017001 a composite number?
True
Is 160709 a prime number?
True
Is 12938 a prime number?
False
Is 6439 composite?
True
Is 416378 prime?
False
Is 8419 composite?
False
Is 163091 a composite number?
True
Is 384739 a composite number?
True
Is 162971 a composite number?
False
Is 36913 prime?
True
Is 2909455 prime?
False
Is 491 a composite number?
False
Is 3281 a composite number?
True
Is 205391 a prime number?
True
Is 6259 prime?
False
Is 18661 composite?
False
Is 74563 prime?
False
Is 7817 composite?
False
Is 135781 prime?
True
Is 24317 prime?
True
Is 174235 a prime number?
False
Is 500861 a composite number?
False
Is 241697 prime?
False
Is 478311 a prime number?
False
Is 45321 a composite number?
True
Is 5311 a composite number?
True
Is 421157 a composite number?
True
Is 264467 a prime number?
False
Is 176695 composite?
True
Is 32815 a prime number?
False
Is 3203 a composite number?
False
Is 66457 prime?
True
Is 439219 composite?
True
Is 72537 a prime number?
False
Is 8817 prime?
False
Is 1235281 composite?
False
Is 560437 composite?
False
Is 1513891 composite?
False
Is 129695 prime?
False
Is 1003451 composite?
True
Is 56777 a composite number?
True
Is 885541 a composite number?
True
Is 300299 a prime number?
True
Is 83047 composite?
False
Is 568643 a composite number?
False
Is 32537 composite?
False
Is 4409 a composite number?
False
Is 16519 prime?
True
Is 15187 a composite number?
False
Is 94807 prime?
False
Is 69959 prime?
True
Is 5784391 a composite number?
False
Is 260339 a composite number?
False
Is 2579 a composite number?
False
Is 443999 composite?
False
Is 1453031 a composite number?
True
Is 147391 prime?
True
Is 719 prime?
True
Is 8461 prime?
True
Is 249031 prime?
False
Is 2099 a composite number?
False
Is 280037 prime?
True
Is 1059 prime?
False
Is 1099 a prime number?
False
Is 13094 composite?
True
Is 44389 composite?
False
Is 44729 composite?
False
Is 25523 a prime number?
True
Is 63097 prime?
True
Is 37581 composite?
True
Is 171401 composite?
False
Is 12511 prime?
True
Is 121903 composite?
True
Is 45737 composite?
False
Is 100627 prime?
False
Is 9311 a composite number?
False
Is 3863 a composite number?
False
Is 17183 prime?
True
Is 3359 a composite number?
False
Is 262331 a prime number?
True
Is 5583 prime?
False
Is 23953 composite?
True
Is 2271 a composite number?
True
Is 2477 a prime number?
True
Is 17449 composite?
False
Is 12295 a prime number?
False
Is 254501 a composite number?
True
Is 136901 a composite number?
True
Is 237607 a prime number?
True
Is 11351 composite?
False
Is 206029 composite?
True
Is 22405 composite?
True
Is 77257 a composite number?
True
Is 513899 a prime number?
True
Is 1964203 prime?
True
Is 1901 a prime number?
True
Is 35159 a composite number?
False
Is 396687 prime?
False
Is 221 prime?
False
Is 12895 a prime number?
False
Is 144503 a prime number?
False
Is 32297 composite?
False
Is 42593 a prime number?
False
Is 20407 composite?
False
Is 70373 composite?
False
Is 472457 prime?
True
Is 204719 a composite number?
False
Is 7073 prime?
False
Is 12871 a composite number?
True
Is 2646077 a prime number?
False
Is 3299 composite?
False
Is 1612111 a prime number?
True
Is 1635299 composite?
False
Is 382 composite?
True
Is 1808921 prime?
True
Is 147601 a prime number?
False
Is 55373 composite?
False
Is 299357 prime?
True
Is 305533 composite?
False
Is 42491 composite?
False
Is 673879 a composite number?
False
Is 12497 prime?
True
Is 61861 a prime number?
T